w - 548. Let k be ((-6)/10)/(3/15)*-1. Determine c(k).
-7
Let k(l) be the second derivative of 5*l**3/3 - 89*l**2/2 - 7092*l. Give k(12).
31
Let v(o) = -6*o - 81. Let k(l) = -10*l - 122. Let a(m) = -5*k(m) + 8*v(m). Give a(16).
-6
Let y(k) = -k**2 + 10*k - 9. Let n = -224 - -135. Let i = -82 - n. Calculate y(i).
12
Let s(v) = -63*v**2 + 9*v + 26*v**2 + 62 + 19*v**2 + 19*v**2 + 23*v. What is s(-29)?
-25
Let m(k) be the third derivative of -5*k**4/24 - 17*k**3/3 + 18*k**2 - 3*k. What is m(-14)?
36
Let o = -347 + 374. Let f(c) = 3*c + 4*c + 0*c + o - 4*c + 0*c. What is f(-7)?
6
Let x(y) be the second derivative of y**4/12 - 4*y**3/3 - 31*y**2/2 + 286*y. What is x(11)?
2
Let a = -7 + 4. Let b(p) = -4*p - 30. Let r(y) = -y - 7. Suppose -t - 2 = 2*k, 31*t - 4*k - 2 = 32*t. Let c(j) = t*b(j) + 9*r(j). What is c(a)?
0
Suppose -7 = -3*c - 142*i + 140*i, 0 = c + 2*i - 1. Let h(x) = x**3 + 4*x**2 - 4*x + 1. What is h(c)?
52
Let r(s) be the second derivative of -s**3/3 - 11*s**2/2 + 228*s. Let y(v) = 2*v + 11. Let p(k) = -3*r(k) - 2*y(k). Give p(-8).
-5
Let j(p) = 1. Let u = -7 - -13. Let z(g) be the first derivative of -g**2/2 - 7*g - 158. Let x(r) = u*j(r) + z(r). Calculate x(-6).
5
Let q(c) be the first derivative of -c**4/2 + 19*c**3/3 - 12*c**2 - 7*c + 1926. What is q(8)?
-7
Suppose -5 = -2*o - 17. Let p(k) = 16*k**3 + 7*k**2 + k + 5. Let a(i) = 19*i**3 + 7*i**2 + 5. Let c(y) = 5*a(y) - 6*p(y). What is c(o)?
-5
Let o(a) be the third derivative of -3*a**4/4 - 103*a**3/6 - 613*a**2. Calculate o(-6).
5
Let m(k) be the second derivative of -k**3/3 + 7*k**2/2 + k. Let s be 3/(-5) - 342/(-570). Determine m(s).
7
Let d(m) = -7*m**3 - 41*m**2 - 5*m + 5. Let s(w) = 4*w**3 + 24*w**2 + 3*w - 3. Let y(r) = 10*d(r) + 17*s(r). Let p = -31 + 29. Determine y(p).
5
Let w(f) be the second derivative of -2*f**2 - f - 1/20*f**5 - 1/2*f**4 - 51 + f**3. Determine w(-7).
3
Let f be 120/8 - 7 - 3. Suppose -2*c = f*r + 1, 0 = 2*c + 2*c + 4*r - 16. Let h(z) = z**2 - 10*z + 6. Calculate h(c).
-15
Suppose -3*s - w + 52 = 21, 3 = -s + 3*w. Let z(o) be the third derivative of -o**6/120 + o**5/6 - o**4/3 + o**3/6 - o**2. Calculate z(s).
10
Suppose 5*l - 3*o - 400 = 0, -5*l + 0*o + 400 = -4*o. Let m(z) = -80 - z + l. Suppose -9*s - 30 = -3*s. Give m(s).
5
Let t(i) be the second derivative of i**5/20 + 3*i**4/2 + 7*i**3/3 - 29*i**2 - 2053*i. Determine t(-17).
-7
Let h(d) = 42*d - 2524. Let w be h(60). Let p(v) = -2*v**3 - 9*v**2 - 6*v + 3. Determine p(w).
11
Let d(f) = f**2 + 3*f + 5. Suppose -181 = -6*q + 227. Let k = q + -73. Calculate d(k).
15
Let m(h) be the third derivative of -13*h**4/24 + 91*h**3/3 - 2701*h**2. What is m(14)?
0
Let j(v) be the third derivative of v**2 - 1/24*v**4 + 0 - 1/2*v**3 - 22*v. Calculate j(-11).
8
Let b(u) = 0*u + 5 - 4 + 9 - 5*u. Let f(i) = 9*i - 21. Let z(r) = 1. Let q(w) = -f(w) - 2*z(w). Let j(c) = 11*b(c) - 6*q(c). Determine j(0).
-4
Suppose -4*r + 162 = -3*p, -4*r + p - 27 = -185. Let g = 35 - r. Let b(f) = f**2 + 7*f + 6. What is b(g)?
-6
Let g(t) be the first derivative of t**2/2 - 6417. Let r = -1 + 1. Determine g(r).
0
Suppose 2*j - 26 = -2*h, -3*j - 5*h + 0 = -43. Let m(d) = -66*d + 123*d - j - 59*d. What is m(-6)?
1
Let d(h) be the third derivative of 0*h + 1/60*h**5 + 4*h**2 + 2 + 0*h**4 + 0*h**3. Suppose 0 = q + q. Give d(q).
0
Let r be 5 + 8 + (1 - (-4 - -8)). Let b(a) = -9 + a + a + 2*a - 2*a. Give b(r).
11
Suppose -78*a + 220*a = 5822. Let s(g) = g**2 - 42*g + 41. Give s(a).
0
Let g(a) = 16 - 13*a - 19*a - 4*a + 28*a - 5. Determine g(3).
-13
Let x(u) = u**2 + 6*u + 8. Let y = 216 + 9. Let d = -229 + y. Give x(d).
0
Let j(y) = -609*y + 614*y - 3 - 3 - 1. Let r(l) = -8*l + 14. Let x(o) = -7*j(o) - 4*r(o). Determine x(-6).
11
Let n(f) = 2*f**3 - f**2 - 17*f - 2. Let u(d) = -d**3 + d**2 + 9*d + 1. Suppose -19*j = -24*j + 30. Let x(b) = j*n(b) + 11*u(b). Calculate x(-4).
27
Let j(s) = -7*s**2 + 6*s - 1. Let u(k) = -6*k**2 + 6*k - 2. Let m be (6*1/(-10))/(11/110). Let c(i) = m*u(i) + 5*j(i). Give c(6).
7
Let f(m) = -m**2 - 620*m - 616*m + 1873*m - 625*m + 7. Determine f(12).
7
Let i(r) be the first derivative of 9*r**2/2 + 140*r - 1297. Calculate i(-18).
-22
Let l be 4/14 + (-680)/(-70). Let b(r) = -9*r - 12*r - 10*r + 10*r + 7 + 22*r. Calculate b(l).
17
Let c(x) = -10*x - 460 + 161 + 150 + 164. What is c(4)?
-25
Let i(m) = 3*m**2 - 57*m + 42. Let s be i(18). Let o(u) = 7*u + 81. Determine o(s).
-3
Let l(n) = -n + 3. Let t = 202 + -199. Suppose -5*w - 66 + 69 = i, -w = t*i + 19. Determine l(i).
10
Let l(o) = 119*o**3 + 29*o**2 - 91*o - 20. Let j(a) = -40*a**3 - 10*a**2 + 32*a + 7. Let c(y) = -17*j(y) - 6*l(y). Determine c(1).
-35
Let i(s) = s**2 - 14*s + 37. Let q be (12/8)/((-51)/(-340)). Let o be i(q). Let k(v) = 3*v**2 + 2*v + 3. What is k(o)?
24
Let z(v) be the third derivative of -v**5/60 - v**4/3 + 3*v**3/2 + 1279*v**2. Let q = -13 + 16. Suppose 3*g = m - 6, q - 6 = 2*m - 3*g. What is z(m)?
0
Let l = 7168 + -7161. Let p(c) = c**2 - 4*c - 18. Calculate p(l).
3
Let u(t) = -t + 2. Let j(w) be the second derivative of -w**5/20 - 2*w**4/3 - w**3/6 - 2*w**2 + 6*w - 2. Let r be j(-8). Calculate u(r).
-2
Suppose -t + 5*a = 29, -41 = 5*t + a - 0*a. Let g(x) be the first derivative of 2*x**2 + 9*x + 12383. What is g(t)?
-27
Let i(h) = h**2 + h + 1. Let o(j) = 11*j**2 + 15*j + 30. Let p be o(-3). Suppose -7*n + p = 119. What is i(n)?
21
Let a(j) = -j**3 - 8*j**2 + 3*j + 6. Let y be 8*(35/(-33) - (-78)/1287). Calculate a(y).
-18
Let o be 25 + -26 + (-442)/(-1). Let s = o - 447. Let z(c) = -c**3 - 6*c**2 - 2*c - 7. Determine z(s).
5
Let d(i) = i**2 - i - 5. Let s(x) = x + 14 + 1 - x**2 - 7 - 2. Let l(j) = 4*d(j) + 3*s(j). Give l(2).
0
Let k(n) = -2*n - 10. Let y(p) = 5*p + 53. Let c(a) = -5*k(a) - y(a). Determine c(0).
-3
Let y(c) = -4*c**2 + 29*c + 8. Let o be y(8). Let m be 13/(728/o) - 23/(-7). Let r(s) = -3*s - 5*s**2 + 3 + 2*s + 4*s**2. Give r(m).
-9
Let f(q) = 8*q - 3 - 20*q + 1 + q**3 + 1 + 8*q**2 + 19*q. Let h = -114 - -107. Give f(h).
-1
Let t(z) = z**3 - 4*z**2 - z + 15. Let i be t(3). Let f(u) = -i*u + 4*u + 161 - 156. Let b be -4 + (-3)/((-6)/(-4)). What is f(b)?
-1
Let x(f) = -5*f - 1. Let j(r) = 5*r**3 - 26*r**2 + 61*r - 30. Let m(z) = z**3 + z**2 + z - 1. Let l(u) = -j(u) + 4*m(u). Let b be l(28). Calculate x(b).
9
Let g(l) = -l**3 + 2*l**2 + 2*l - 4. Let u = -50 + 37. Let t(z) = 2*z**3 - 5*z**2 - 3*z + 9. Let j(q) = u*g(q) - 6*t(q). Suppose 25*p + 79 = -71. Give j(p).
-26
Let q(u) be the first derivative of -u**4/4 + u**3/3 - 3*u - 43. Let r(p) = -2*p**3 + p**2 - 5. Let g(n) = -11*q(n) + 6*r(n). Calculate g(-4).
-13
Let c be 1/(1161/117 - 10) - (-6 + 0). Let v(r) = -r**3 - 9*r**2 - 4*r - 6. Calculate v(c).
-76
Let l(c) = -c**2 + 12*c + 30. Let n be l(14). Let t(w) = 449*w**3 - 225*w**3 - 1 - 223*w**3 - 2*w**n + w - 2*w + 0*w. Give t(3).
5
Let v(c) = 0*c + 4 - 4 + 3 - 2*c. Suppose 4*x + 4*g + 18 = -14, -2*g = -3*x - 4. What is v(x)?
11
Let w(j) = 79*j - 59*j**2 - 100 + 87 + 25*j**2 - 87*j. Let o(n) = -4 + 1 - 7*n**2 - n**2 - 2*n. Let g(y) = -9*o(y) + 2*w(y). Give g(-1).
3
Let u be (-7)/(-2) - 2/4. Let z(a) be the first derivative of -3*a**2/2 - a - 8752. What is z(u)?
-10
Let g(q) = 1 + 25 + q - 8 - 5 - 6. Suppose t + 15 = -0*t. Let y be 0/(5/(t/6)). What is g(y)?
7
Let h(i) be the third derivative of -i**4/12 + i**3/6 - 93*i**2 + i. Let s be (3*4/21)/((-68)/(-238)). Give h(s).
-3
Let y(u) = 2*u**3 - 26*u**2 + 79*u - 4. Suppose 0 = 3*d - 5*a - 49, 9 = 3*d - 12*a + 15*a. Let q be y(d). Let p(n) = -n**3 - 11*n**2 + 11*n - 8. What is p(q)?
4
Suppose -4*j + 32*h - 130 = -6, 4*j + 3*h = -54. Let d(x) = -8*x**2 - 121*x - 21. Determine d(j).
-6
Suppose 15*c - 508 = -463. Let i(n) = -n**3 + 7*n. Calculate i(c).
-6
Let u(p) = p**3 + 21*p**2 + 22*p + 29. Suppose 0 = 34*z - 4*z + 538 + 62. Determine u(z).
-11
Let m be 4/(9/((-36)/(-8))). Let h(t) = 3*t**3 + 15*t + 4*t**2 - m*t**3 + 1 - 11*t. Let v be ((-6)/(-8))/(22/(-88)). Determine h(v).
-2
Let v(z) = -17*z**2 - 6*z + 1. Let b(q) = -47*q**2 - 19*q + 1. Let h(y) = -4*b(y) + 11*v(y). What is h(-10)?
7
Let a(l) = 9*l + 7. Let t = -5380 + 5374. Determine a(t).
-47
Let s(r) be the second derivative of -r - 1/3*r**4 - 3/2*r**2 + 1/20*r**5 - 2/3*r**3 + 0. Let v be ((-30)/18)/(4/(-12)). Give s(